d**3 + 17 - 12 - 7. Let t(l) = 2*l**3 + 16*l**2 + 13*l - 12. Let h be t(-7). What are the prime factors of f(h)?
11, 13
Suppose 0 = 3*j + 16 - 70. Suppose -j = -r + 34. Suppose 3*p = 3*t + 186, -r = -2*p - 2*t + 52. List the prime factors of p.
3, 19
Suppose -3*x - 4*b - 25 = 2, -5*b = -2*x + 5. Suppose 1 = a + 2*v + 150, 4*v - 787 = 5*a. Let c = x - a. What are the prime factors of c?
2, 3, 5
Suppose -134*b + 133*b = -128. Let c = 311 - b. List the prime factors of c.
3, 61
Let u(g) = 3*g - 22. Let w be u(9). Suppose -w*y + 228 = -2. Let f = y + -43. What are the prime factors of f?
3
Let g(q) be the first derivative of 30*q**2 + 4*q + 14. Let u be g(2). List the prime factors of u/3 - 6/(-9).
2, 3, 7
Suppose 4*v - 30250 = -3*n, -4*n - 2395 = -4*v + 27869. What are the prime factors of v?
2, 31, 61
Suppose -50*h = -47*h - 12. Suppose -2*r = 2*f - 5*f + 668, 2*r - 872 = -h*f. List the prime factors of f.
2, 5, 11
Let c(i) = 599*i**3 + i**2 - 5*i + 5. Let q(d) = d**3 - 13*d**2 + 4*d - 51. Let x be q(13). What are the prime factors of c(x)?
2, 3, 5
Suppose -2*m = -2*n + 76698, -10*m = -4*n - 14*m + 153428. List the prime factors of n.
7, 5479
Let h = 298 + -440. Let m(w) = -10*w**3 + 3*w + 2. Let l be m(-3). Let k = h + l. List the prime factors of k.
11
Let g(k) be the second derivative of -4*k**5/5 - k**3/6 + k**2/2 + 3*k. Let u be g(1). List the prime factors of 120 - (-1 + 1)*(-8)/u.
2, 3, 5
Let n(i) = i**3 - 11*i**2 + 2*i + 17. Let h be n(11). Let q = h + -23. Suppose 0 = m - d - 3, 4*m = 5*d + q - 6. What are the prime factors of m?
5
List the prime factors of (((-50)/15)/(-5))/(-4 + (-197931)/(-49482)).
2, 2749
Let d(o) = o**2 - 15*o - 76. Let a be d(20). Suppose 0 = -a*g + 33*g - 8055. List the prime factors of g.
5, 179
Suppose 3*d - 10*u = -6*u + 34, -3*u + 6 = 0. What are the prime factors of 1095 - 1/(-2)*d?
2, 19, 29
Let x = -3031 + 7246. What are the prime factors of x?
3, 5, 281
Let h(t) = 2*t - 24. Let b be h(19). Suppose b*f = 15*f - 3. List the prime factors of 21/(-14)*(-76)/f.
2, 19
What are the prime factors of 3 - 640146/(-13) - (0 - 1)?
2, 24623
Let i(s) = s + 31. Let t(u) = 6*u**2 + 3*u + 2. Let o be t(-1). Suppose -o*z = -15, 4*d - 8 - 70 = -2*z. What are the prime factors of i(d)?
7
Let a = -171 + 325. Let p = a - 98. List the prime factors of p.
2, 7
Let j = -457 + 478. Suppose 0 = -j*m - 18*m + 8736. What are the prime factors of m?
2, 7
Let j = 73 + -80. Let r(o) = 8*o**2 + 25*o + 3. List the prime factors of r(j).
2, 5, 11
Let j = -5331 + 7809. List the prime factors of j.
2, 3, 7, 59
Let m be (-5)/(5/(-2406)) + (-2)/2. Suppose -m = -9*j + 367. What are the prime factors of j?
2, 7, 11
Suppose c + 3*g - 7 - 12 = 0, 0 = -4*c + g + 11. List the prime factors of -3 + 398/c - (-2)/(-4).
2, 3
Let x be -3 + 3/(3/3776). Suppose -n = 6*n - x. List the prime factors of n.
7, 11
Suppose 0 = 47*d - 347 + 112. Suppose d*t + 25 = 0, 9*x - t = 5*x + 6137. What are the prime factors of x?
3, 7, 73
Let h = 51611 + -29015. What are the prime factors of h?
2, 3, 7, 269
Let r(g) = 5*g**2 + 38 + 47*g + 54 + 179*g**2 - 4*g**2. List the prime factors of r(-2).
2, 359
Let j be ((-28)/35)/(2/(-105)). Suppose i - 5*i + 48 = z, -24 = -2*i + z. List the prime factors of (-1527)/(-21) + i/j.
73
Suppose -245*g + 216*g = -187340. What are the prime factors of g?
2, 5, 17, 19
Let m(q) = 102*q + 4. Let g(c) = 916*c + 36. Let h(v) = 3*g(v) - 28*m(v). List the prime factors of h(-2).
2, 53
Let w(v) = -v**3 - v**2 - 3*v + 7887. What are the prime factors of w(0)?
3, 11, 239
Suppose -2*u = 6 - 8. Let g be ((-330)/20)/(u/(-2)). Suppose g*p = 35*p - 56. What are the prime factors of p?
2, 7
Let d(i) = -i**2 + 52*i + 28. Let h = -442 - -458. List the prime factors of d(h).
2, 151
Let i(l) = 3074*l + 4084. What are the prime factors of i(6)?
2, 11
Suppose -3*g - 9019 = -39901. Suppose y - b - 2054 = b, 0 = 5*y + 2*b - g. What are the prime factors of y?
2, 3, 7
List the prime factors of (-415592)/(-16) + ((-693)/22)/9.
3, 11, 787
List the prime factors of 25/(-5) - ((-10)/(-5) + (0 - 19834)).
3, 2203
Let w(v) = 2*v**2 + 26*v + 33. Let y be w(-15). Suppose y*g - 90*g = 618. What are the prime factors of g?
2, 103
Let q be 48*(3 + 21/(-9)) - 1. Let f be (20/3)/(8/492). Suppose 26*j = q*j - f. List the prime factors of j.
2, 41
Suppose -102 = -30*h + 36*h. List the prime factors of (-7551)/(-12) + h/68.
17, 37
Let x(h) = 13*h**2 + 2*h - 4. Let o be x(2). Suppose 52 = b - o. Suppose 0 = 5*q - f - 384, -2*q + b = -3*f - 47. What are the prime factors of q?
7, 11
Let i(y) = y**2 + 17*y + 21. Let z be i(-16). Suppose 17 = 4*d + z. Let t(n) = 38*n + 6. List the prime factors of t(d).
2, 3, 5
Let i = -2 - -82. Suppose 2*m - i = -0*m. Let s = m - 7. List the prime factors of s.
3, 11
Suppose 46*b - 193356 = 41*b + k, -k - 154686 = -4*b. What are the prime factors of b?
2, 3, 5, 1289
Suppose 1 = t - 4. Suppose 1280 = t*c + 3*h, c + 4*h - 110 = 146. What are the prime factors of c?
2
Let h(m) = 178*m**2 + 561*m + 3951. What are the prime factors of h(-7)?
2, 4373
Let w be (15/5 - -1)*231/(-44). Let j(x) be the third derivative of x**5/60 + 13*x**4/24 - 16*x**3/3 + 2*x**2. List the prime factors of j(w).
2, 17
Suppose -2*j = a - 195, -574 = -5*a + 2*j + 413. Suppose 2*s - 88 = -2*o, -3*s = -4*o - 0*s + a. What are the prime factors of o?
47
Let j(g) = 7*g - 148. Let d be j(22). Suppose 4*q + w - d*w = 5180, 5176 = 4*q - 4*w. List the prime factors of q.
2, 3, 5, 43
Suppose -100*w + 111*w - 63*w = -26832. What are the prime factors of w?
2, 3, 43
Suppose p - 11*q - 8447 = -12*q, 3*p - 25333 = -5*q. What are the prime factors of p?
3, 313
Let d be ((-8)/(-14))/((-13)/(-91)). Let j be 4/(-2)*(-141)/3. Suppose 0 = -d*u + 346 + j. List the prime factors of u.
2, 5, 11
Let r be -1 + 2846 - (66 - 61). Let g = r + -1269. List the prime factors of g.
1571
Let g(h) = -h**3 + 42*h**2 + 2*h + 103. Let y be g(42). Let t = y - -1469. What are the prime factors of t?
2, 3, 23
Suppose -x + 4 = -k, -10*x + 8*x = -k - 6. List the prime factors of 22836/110*(k - 9/(-2)).
3, 173
What are the prime factors of ((-7474)/(-222))/(2/228*2)?
19, 101
Suppose 121*w = 42*w + 92809 + 150353. List the prime factors of w.
2, 3, 19
Let g(m) be the second derivative of m**3/6 + 19*m**2 - 15*m. Let t be g(-12). Let z = t + 3. List the prime factors of z.
29
Suppose o + 21*b = 26*b + 11193, o - 11193 = -5*b. What are the prime factors of o?
3, 7, 13, 41
Suppose -42*h = -101*h + 51*h + 103120. List the prime factors of h.
2, 5, 1289
Let t(l) = l**3 - l - 319. Let p be t(0). Let s = -151 - p. Let o = 22 + s. What are the prime factors of o?
2, 5, 19
List the prime factors of 4/(-14) + (-494346)/(-21) + -7.
101, 233
Let a = 142 + 108. Let n(g) = -a - 3*g + 235 + 15*g. List the prime factors of n(6).
3, 19
Suppose 2*w + 27 = 5*z, 2*z = 4*z - 2*w - 12. Suppose 3*v + 338 = 4*v - z*r, 3*r = 0. What are the prime factors of v?
2, 13
Suppose -j = 338 - 1426. Let w = j + -544. Suppose 5*a + 174 - w = 0. What are the prime factors of a?
2, 37
Let w = 295 - 1. What are the prime factors of (-12)/((-8)/2) + w?
3, 11
Let k(x) = x**3 + 59*x**2 + 13*x + 2261. What are the prime factors of k(-55)?
2, 6823
Suppose 0 = 53*d - 470*d + 26474496. What are the prime factors of d?
2, 31
Suppose -5*j + 1011 = 2*a, 0*a - 808 = -4*j - 2*a. Let l = -43 + j. Let g = l - -111. What are the prime factors of g?
271
Let z = 3239 - -3257. List the prime factors of z.
2, 7, 29
Suppose 128172 = -146*q + 168*q. List the prime factors of q.
2, 3, 971
Let q = 18658 - 11727. List the prime factors of q.
29, 239
Let z(g) = -3*g**2 - 19*g - 10. Let x be z(-6). What are the prime factors of ((-434)/21)/(x/30)?
5, 31
What are the prime factors of 45/6*(-56)/(-40)*31176/14?
2, 3, 433
Let t = 324 - 239. Suppose -282 + t = -l. What are the prime factors of l?
197
Let h(r) = -r**3 - 7*r**2 + 3. Let q be -8 + 1 - (-7 + 5 + 4). What are the prime factors of h(q)?
3, 5, 11
Suppose c = 4*s + 11, -10*s + 4*c = -14*s + 4. Suppose -3*g - 26 = 4*v, 0 = 4*v - 4*g + 12 + 28. What are the prime factors of 734*(-2)/v - (-3)/s?
2, 7, 13
Let j = 4777 + -3331. Let r = j - 472. What are the prime factors of r?
2, 487
Let z be -3 + 5 + 4 - 228. Let m = -93 - z. 